{"id":4220,"date":"2026-05-06T00:12:37","date_gmt":"2026-05-06T04:12:37","guid":{"rendered":"https:\/\/imariquique.cl\/inicio\/?page_id=4220"},"modified":"2026-05-06T00:18:26","modified_gmt":"2026-05-06T04:18:26","slug":"vinculacion-con-la-empresa-emin","status":"publish","type":"page","link":"https:\/\/imariquique.cl\/inicio\/vinculacion-con-la-empresa-emin\/","title":{"rendered":"Vinculaci\u00f3n con la empresa EMIN"},"content":{"rendered":"\t\t<div data-elementor-type=\"wp-page\" data-elementor-id=\"4220\" class=\"elementor elementor-4220\" data-elementor-post-type=\"page\">\n\t\t\t\t<div class=\"elementor-element elementor-element-d7ee7bf e-flex e-con-boxed e-con e-parent\" data-id=\"d7ee7bf\" data-element_type=\"container\" data-e-type=\"container\">\n\t\t\t\t\t<div class=\"e-con-inner\">\n\t\t\t\t<div class=\"elementor-element elementor-element-e6920b9 elementor-widget elementor-widget-image\" data-id=\"e6920b9\" data-element_type=\"widget\" data-e-type=\"widget\" data-widget_type=\"image.default\">\n\t\t\t\t<div class=\"elementor-widget-container\">\n\t\t\t\t\t\t\t\t\t\t\t\t\t\t\t<img fetchpriority=\"high\" decoding=\"async\" width=\"2560\" height=\"1440\" src=\"https:\/\/imariquique.cl\/inicio\/wp-content\/uploads\/2026\/05\/IMG_0448-scaled.jpg\" class=\"attachment-full size-full wp-image-4237\" alt=\"\" srcset=\"https:\/\/imariquique.cl\/inicio\/wp-content\/uploads\/2026\/05\/IMG_0448-scaled.jpg 2560w, https:\/\/imariquique.cl\/inicio\/wp-content\/uploads\/2026\/05\/IMG_0448-300x169.jpg 300w, https:\/\/imariquique.cl\/inicio\/wp-content\/uploads\/2026\/05\/IMG_0448-1024x576.jpg 1024w, https:\/\/imariquique.cl\/inicio\/wp-content\/uploads\/2026\/05\/IMG_0448-768x432.jpg 768w, https:\/\/imariquique.cl\/inicio\/wp-content\/uploads\/2026\/05\/IMG_0448-1536x864.jpg 1536w, https:\/\/imariquique.cl\/inicio\/wp-content\/uploads\/2026\/05\/IMG_0448-2048x1152.jpg 2048w\" sizes=\"(max-width: 2560px) 100vw, 2560px\" \/>\t\t\t\t\t\t\t\t\t\t\t\t\t\t\t<\/div>\n\t\t\t\t<\/div>\n\t\t\t\t\t<\/div>\n\t\t\t\t<\/div>\n\t\t<div class=\"elementor-element elementor-element-2b90c3d e-flex e-con-boxed e-con e-parent\" data-id=\"2b90c3d\" data-element_type=\"container\" data-e-type=\"container\">\n\t\t\t\t\t<div class=\"e-con-inner\">\n\t\t\t\t<div class=\"elementor-element elementor-element-d540987 elementor-widget elementor-widget-text-editor\" data-id=\"d540987\" data-element_type=\"widget\" data-e-type=\"widget\" data-widget_type=\"text-editor.default\">\n\t\t\t\t<div class=\"elementor-widget-container\">\n\t\t\t\t\t\t\t\t\t<p style=\"text-align: justify;\" data-start=\"0\" data-end=\"534\">En el marco de nuestro permanente compromiso con la formaci\u00f3n t\u00e9cnico-profesional de excelencia, el Liceo Bicentenario Instituto del Mar contin\u00faa fortaleciendo sus v\u00ednculos con el mundo productivo. En esta oportunidad, la empresa EMIN Ingenier\u00eda en Construcci\u00f3n realiz\u00f3 una relevante donaci\u00f3n destinada a nuestros estudiantes, consistente en 50 buzos tipo overol, 70 lentes de seguridad y 70 pares de guantes, implementos fundamentales para el desarrollo de actividades pr\u00e1cticas en condiciones \u00f3ptimas de seguridad y profesionalismo.<\/p>\n<p style=\"text-align: justify;\" data-start=\"536\" data-end=\"1089\">Esta valiosa contribuci\u00f3n no solo mejora las condiciones de aprendizaje, sino que tambi\u00e9n refuerza el enfoque formativo orientado a la adquisici\u00f3n de competencias t\u00e9cnicas acordes a los est\u00e1ndares de la industria. Nuestra directora expres\u00f3 su sincero agradecimiento por este significativo aporte, destacando adem\u00e1s las palabras de don Patricio Garrido, Expeditor de EMIN, quien reafirm\u00f3 el compromiso de la empresa con la educaci\u00f3n t\u00e9cnico-profesional y su disposici\u00f3n a continuar colaborando activamente en el proceso formativo de nuestros estudiantes.<\/p>\n<p data-start=\"536\" data-end=\"1089\"><\/p>\n<p style=\"text-align: justify;\" data-start=\"536\" data-end=\"1089\">Como comunidad educativa, valoramos profundamente estas alianzas estrat\u00e9gicas, que permiten acercar a nuestros j\u00f3venes al entorno laboral real, potenciando su desarrollo integral y proyectando con mayor solidez sus trayectorias futuras en el \u00e1mbito t\u00e9cnico y profesional.<\/p>\t\t\t\t\t\t\t\t<\/div>\n\t\t\t\t<\/div>\n\t\t\t\t\t<\/div>\n\t\t\t\t<\/div>\n\t\t<div class=\"elementor-element elementor-element-b9da612 e-flex e-con-boxed e-con e-parent\" data-id=\"b9da612\" data-element_type=\"container\" data-e-type=\"container\">\n\t\t\t\t\t<div class=\"e-con-inner\">\n\t\t<div class=\"elementor-element elementor-element-7ef4854 e-con-full e-flex e-con e-child\" data-id=\"7ef4854\" data-element_type=\"container\" data-e-type=\"container\">\n\t\t\t\t<div class=\"elementor-element elementor-element-7ba8e8b elementor-widget elementor-widget-image\" data-id=\"7ba8e8b\" data-element_type=\"widget\" data-e-type=\"widget\" data-widget_type=\"image.default\">\n\t\t\t\t<div class=\"elementor-widget-container\">\n\t\t\t\t\t\t\t\t\t\t\t\t\t\t\t<img decoding=\"async\" width=\"768\" height=\"1024\" src=\"https:\/\/imariquique.cl\/inicio\/wp-content\/uploads\/2026\/05\/IMG_0437-768x1024.jpg\" class=\"attachment-large size-large wp-image-4233\" alt=\"\" srcset=\"https:\/\/imariquique.cl\/inicio\/wp-content\/uploads\/2026\/05\/IMG_0437-768x1024.jpg 768w, https:\/\/imariquique.cl\/inicio\/wp-content\/uploads\/2026\/05\/IMG_0437-225x300.jpg 225w, https:\/\/imariquique.cl\/inicio\/wp-content\/uploads\/2026\/05\/IMG_0437-1152x1536.jpg 1152w, https:\/\/imariquique.cl\/inicio\/wp-content\/uploads\/2026\/05\/IMG_0437-1536x2048.jpg 1536w, https:\/\/imariquique.cl\/inicio\/wp-content\/uploads\/2026\/05\/IMG_0437-scaled.jpg 1920w\" sizes=\"(max-width: 768px) 100vw, 768px\" \/>\t\t\t\t\t\t\t\t\t\t\t\t\t\t\t<\/div>\n\t\t\t\t<\/div>\n\t\t\t\t<\/div>\n\t\t<div class=\"elementor-element elementor-element-31a1652 e-con-full e-flex e-con e-child\" data-id=\"31a1652\" data-element_type=\"container\" data-e-type=\"container\">\n\t\t\t\t<div class=\"elementor-element elementor-element-c363879 elementor-widget elementor-widget-image\" data-id=\"c363879\" data-element_type=\"widget\" data-e-type=\"widget\" data-widget_type=\"image.default\">\n\t\t\t\t<div class=\"elementor-widget-container\">\n\t\t\t\t\t\t\t\t\t\t\t\t\t\t\t<img decoding=\"async\" width=\"768\" height=\"1024\" src=\"https:\/\/imariquique.cl\/inicio\/wp-content\/uploads\/2026\/05\/IMG_0434-768x1024.jpg\" class=\"attachment-large size-large wp-image-4230\" alt=\"\" srcset=\"https:\/\/imariquique.cl\/inicio\/wp-content\/uploads\/2026\/05\/IMG_0434-768x1024.jpg 768w, https:\/\/imariquique.cl\/inicio\/wp-content\/uploads\/2026\/05\/IMG_0434-225x300.jpg 225w, https:\/\/imariquique.cl\/inicio\/wp-content\/uploads\/2026\/05\/IMG_0434-1152x1536.jpg 1152w, https:\/\/imariquique.cl\/inicio\/wp-content\/uploads\/2026\/05\/IMG_0434-1536x2048.jpg 1536w, https:\/\/imariquique.cl\/inicio\/wp-content\/uploads\/2026\/05\/IMG_0434-scaled.jpg 1920w\" sizes=\"(max-width: 768px) 100vw, 768px\" \/>\t\t\t\t\t\t\t\t\t\t\t\t\t\t\t<\/div>\n\t\t\t\t<\/div>\n\t\t\t\t<\/div>\n\t\t<div class=\"elementor-element elementor-element-8c056d8 e-con-full e-flex e-con e-child\" data-id=\"8c056d8\" data-element_type=\"container\" data-e-type=\"container\">\n\t\t\t\t<div class=\"elementor-element elementor-element-229c350 elementor-widget elementor-widget-image\" data-id=\"229c350\" data-element_type=\"widget\" data-e-type=\"widget\" data-widget_type=\"image.default\">\n\t\t\t\t<div class=\"elementor-widget-container\">\n\t\t\t\t\t\t\t\t\t\t\t\t\t\t\t<img loading=\"lazy\" decoding=\"async\" width=\"768\" height=\"1024\" src=\"https:\/\/imariquique.cl\/inicio\/wp-content\/uploads\/2026\/05\/IMG_0422-768x1024.jpg\" class=\"attachment-large size-large wp-image-4223\" alt=\"\" srcset=\"https:\/\/imariquique.cl\/inicio\/wp-content\/uploads\/2026\/05\/IMG_0422-768x1024.jpg 768w, https:\/\/imariquique.cl\/inicio\/wp-content\/uploads\/2026\/05\/IMG_0422-225x300.jpg 225w, https:\/\/imariquique.cl\/inicio\/wp-content\/uploads\/2026\/05\/IMG_0422-1152x1536.jpg 1152w, https:\/\/imariquique.cl\/inicio\/wp-content\/uploads\/2026\/05\/IMG_0422-1536x2048.jpg 1536w, https:\/\/imariquique.cl\/inicio\/wp-content\/uploads\/2026\/05\/IMG_0422-scaled.jpg 1920w\" sizes=\"(max-width: 768px) 100vw, 768px\" \/>\t\t\t\t\t\t\t\t\t\t\t\t\t\t\t<\/div>\n\t\t\t\t<\/div>\n\t\t\t\t<\/div>\n\t\t<div class=\"elementor-element elementor-element-614f07d e-con-full e-flex e-con e-child\" data-id=\"614f07d\" data-element_type=\"container\" data-e-type=\"container\">\n\t\t\t\t<div class=\"elementor-element elementor-element-7dc8a04 elementor-widget elementor-widget-image\" data-id=\"7dc8a04\" data-element_type=\"widget\" data-e-type=\"widget\" data-widget_type=\"image.default\">\n\t\t\t\t<div class=\"elementor-widget-container\">\n\t\t\t\t\t\t\t\t\t\t\t\t\t\t\t<img loading=\"lazy\" decoding=\"async\" width=\"768\" height=\"1024\" src=\"https:\/\/imariquique.cl\/inicio\/wp-content\/uploads\/2026\/05\/IMG_0423-768x1024.jpg\" class=\"attachment-large size-large wp-image-4224\" alt=\"\" srcset=\"https:\/\/imariquique.cl\/inicio\/wp-content\/uploads\/2026\/05\/IMG_0423-768x1024.jpg 768w, https:\/\/imariquique.cl\/inicio\/wp-content\/uploads\/2026\/05\/IMG_0423-225x300.jpg 225w, https:\/\/imariquique.cl\/inicio\/wp-content\/uploads\/2026\/05\/IMG_0423-1152x1536.jpg 1152w, https:\/\/imariquique.cl\/inicio\/wp-content\/uploads\/2026\/05\/IMG_0423-1536x2048.jpg 1536w, https:\/\/imariquique.cl\/inicio\/wp-content\/uploads\/2026\/05\/IMG_0423-scaled.jpg 1920w\" sizes=\"(max-width: 768px) 100vw, 768px\" \/>\t\t\t\t\t\t\t\t\t\t\t\t\t\t\t<\/div>\n\t\t\t\t<\/div>\n\t\t\t\t<\/div>\n\t\t\t\t\t<\/div>\n\t\t\t\t<\/div>\n\t\t\t\t<\/div>\n\t\t","protected":false},"excerpt":{"rendered":"<p>En el marco de nuestro permanente compromiso con la formaci\u00f3n t\u00e9cnico-profesional de excelencia, el Liceo Bicentenario Instituto del Mar contin\u00faa fortaleciendo sus v\u00ednculos con el mundo productivo. En esta oportunidad, la empresa EMIN Ingenier\u00eda en Construcci\u00f3n realiz\u00f3 una relevante donaci\u00f3n destinada a nuestros estudiantes, consistente en 50 buzos tipo overol, 70 lentes de seguridad y [&hellip;]<\/p>\n","protected":false},"author":3,"featured_media":0,"parent":0,"menu_order":0,"comment_status":"closed","ping_status":"closed","template":"","meta":{"footnotes":""},"class_list":["post-4220","page","type-page","status-publish","hentry"],"_links":{"self":[{"href":"https:\/\/imariquique.cl\/inicio\/wp-json\/wp\/v2\/pages\/4220","targetHints":{"allow":["GET"]}}],"collection":[{"href":"https:\/\/imariquique.cl\/inicio\/wp-json\/wp\/v2\/pages"}],"about":[{"href":"https:\/\/imariquique.cl\/inicio\/wp-json\/wp\/v2\/types\/page"}],"author":[{"embeddable":true,"href":"https:\/\/imariquique.cl\/inicio\/wp-json\/wp\/v2\/users\/3"}],"replies":[{"embeddable":true,"href":"https:\/\/imariquique.cl\/inicio\/wp-json\/wp\/v2\/comments?post=4220"}],"version-history":[{"count":4,"href":"https:\/\/imariquique.cl\/inicio\/wp-json\/wp\/v2\/pages\/4220\/revisions"}],"predecessor-version":[{"id":4240,"href":"https:\/\/imariquique.cl\/inicio\/wp-json\/wp\/v2\/pages\/4220\/revisions\/4240"}],"wp:attachment":[{"href":"https:\/\/imariquique.cl\/inicio\/wp-json\/wp\/v2\/media?parent=4220"}],"curies":[{"name":"wp","href":"https:\/\/api.w.org\/{rel}","templated":true}]}}