{"id":4157,"date":"2026-04-28T13:40:31","date_gmt":"2026-04-28T17:40:31","guid":{"rendered":"https:\/\/imariquique.cl\/inicio\/?page_id=4157"},"modified":"2026-04-28T13:44:44","modified_gmt":"2026-04-28T17:44:44","slug":"dia-de-libro-en-imar","status":"publish","type":"page","link":"https:\/\/imariquique.cl\/inicio\/dia-de-libro-en-imar\/","title":{"rendered":"D\u00eda de Libro en IMAR"},"content":{"rendered":"\t\t<div data-elementor-type=\"wp-page\" data-elementor-id=\"4157\" class=\"elementor elementor-4157\" data-elementor-post-type=\"page\">\n\t\t\t\t<div class=\"elementor-element elementor-element-4aaaa06 e-flex e-con-boxed e-con e-parent\" data-id=\"4aaaa06\" data-element_type=\"container\" data-e-type=\"container\">\n\t\t\t\t\t<div class=\"e-con-inner\">\n\t\t\t\t<div class=\"elementor-element elementor-element-68ef18b elementor-widget elementor-widget-text-editor\" data-id=\"68ef18b\" data-element_type=\"widget\" data-e-type=\"widget\" data-widget_type=\"text-editor.default\">\n\t\t\t\t<div class=\"elementor-widget-container\">\n\t\t\t\t\t\t\t\t\t<p style=\"text-align: justify;\">En el marco de la celebraci\u00f3n del D\u00eda del Libro, se llev\u00f3 a cabo la inauguraci\u00f3n de la P\u00e9rgola Literaria en nuestro establecimiento, una iniciativa que convoc\u00f3 a toda la comunidad educativa en torno al fomento lector.<\/p>\n<p style=\"text-align: justify;\">Durante la jornada, se realiz\u00f3 la entrega gratuita de libros para estudiantes por medio de bibliotecas m\u00f3viles, promoviendo el acceso y disfrute de la lectura. Paralelamente, en la biblioteca se desarrollaron actividades de cuentacuentos para los cursos de s\u00e9ptimo b\u00e1sico, octavo b\u00e1sico y primeros medios, a cargo del centro cultural Ficci\u00f3n Iquique y de los relatores Macarena Alucema y Mauro D\u00edaz, generando espacios de encuentro y participaci\u00f3n. Asimismo, se realiz\u00f3 un D\u00eda del Disfraz con la intencionalidad de promover la diversidad, la expresi\u00f3n creativa y la sana convivencia entre los estudiantes.<\/p>\n<p style=\"text-align: justify;\">Esta significativa iniciativa fue organizada por el CRA en conjunto con el Departamento de Lenguaje, fortaleciendo el compromiso con la formaci\u00f3n de lectores activos y cr\u00edticos. Finalmente, se agradece a toda la comunidad por su participaci\u00f3n activa en dichas actividades.<\/p>\t\t\t\t\t\t\t\t<\/div>\n\t\t\t\t<\/div>\n\t\t\t\t\t<\/div>\n\t\t\t\t<\/div>\n\t\t<div class=\"elementor-element elementor-element-2addcf3 e-flex e-con-boxed e-con e-parent\" data-id=\"2addcf3\" data-element_type=\"container\" data-e-type=\"container\">\n\t\t\t\t\t<div class=\"e-con-inner\">\n\t\t<div class=\"elementor-element elementor-element-98a259b e-con-full e-flex e-con e-child\" data-id=\"98a259b\" data-element_type=\"container\" data-e-type=\"container\">\n\t\t\t\t<div class=\"elementor-element elementor-element-3058f97 elementor-widget elementor-widget-image\" data-id=\"3058f97\" data-element_type=\"widget\" data-e-type=\"widget\" data-widget_type=\"image.default\">\n\t\t\t\t<div class=\"elementor-widget-container\">\n\t\t\t\t\t\t\t\t\t\t\t\t\t\t\t<img fetchpriority=\"high\" decoding=\"async\" width=\"800\" height=\"1000\" src=\"https:\/\/imariquique.cl\/inicio\/wp-content\/uploads\/2026\/04\/w6-1-819x1024.png\" class=\"attachment-large size-large wp-image-4164\" alt=\"\" srcset=\"https:\/\/imariquique.cl\/inicio\/wp-content\/uploads\/2026\/04\/w6-1-819x1024.png 819w, https:\/\/imariquique.cl\/inicio\/wp-content\/uploads\/2026\/04\/w6-1-240x300.png 240w, https:\/\/imariquique.cl\/inicio\/wp-content\/uploads\/2026\/04\/w6-1-768x960.png 768w, https:\/\/imariquique.cl\/inicio\/wp-content\/uploads\/2026\/04\/w6-1.png 1080w\" sizes=\"(max-width: 800px) 100vw, 800px\" \/>\t\t\t\t\t\t\t\t\t\t\t\t\t\t\t<\/div>\n\t\t\t\t<\/div>\n\t\t\t\t<\/div>\n\t\t<div class=\"elementor-element elementor-element-3e00faa e-con-full e-flex e-con e-child\" data-id=\"3e00faa\" data-element_type=\"container\" data-e-type=\"container\">\n\t\t\t\t<div class=\"elementor-element elementor-element-4c4c6e6 elementor-widget elementor-widget-image\" data-id=\"4c4c6e6\" data-element_type=\"widget\" data-e-type=\"widget\" data-widget_type=\"image.default\">\n\t\t\t\t<div class=\"elementor-widget-container\">\n\t\t\t\t\t\t\t\t\t\t\t\t\t\t\t<img decoding=\"async\" width=\"800\" height=\"1000\" src=\"https:\/\/imariquique.cl\/inicio\/wp-content\/uploads\/2026\/04\/w2-2-819x1024.png\" class=\"attachment-large size-large wp-image-4160\" alt=\"\" srcset=\"https:\/\/imariquique.cl\/inicio\/wp-content\/uploads\/2026\/04\/w2-2-819x1024.png 819w, https:\/\/imariquique.cl\/inicio\/wp-content\/uploads\/2026\/04\/w2-2-240x300.png 240w, https:\/\/imariquique.cl\/inicio\/wp-content\/uploads\/2026\/04\/w2-2-768x960.png 768w, https:\/\/imariquique.cl\/inicio\/wp-content\/uploads\/2026\/04\/w2-2.png 1080w\" sizes=\"(max-width: 800px) 100vw, 800px\" \/>\t\t\t\t\t\t\t\t\t\t\t\t\t\t\t<\/div>\n\t\t\t\t<\/div>\n\t\t\t\t<\/div>\n\t\t<div class=\"elementor-element elementor-element-9f8e4e1 e-con-full e-flex e-con e-child\" data-id=\"9f8e4e1\" data-element_type=\"container\" data-e-type=\"container\">\n\t\t\t\t<div class=\"elementor-element elementor-element-d3c59b5 elementor-widget elementor-widget-image\" data-id=\"d3c59b5\" data-element_type=\"widget\" data-e-type=\"widget\" data-widget_type=\"image.default\">\n\t\t\t\t<div class=\"elementor-widget-container\">\n\t\t\t\t\t\t\t\t\t\t\t\t\t\t\t<img decoding=\"async\" width=\"800\" height=\"1000\" src=\"https:\/\/imariquique.cl\/inicio\/wp-content\/uploads\/2026\/04\/w5-1-819x1024.png\" class=\"attachment-large size-large wp-image-4163\" alt=\"\" srcset=\"https:\/\/imariquique.cl\/inicio\/wp-content\/uploads\/2026\/04\/w5-1-819x1024.png 819w, https:\/\/imariquique.cl\/inicio\/wp-content\/uploads\/2026\/04\/w5-1-240x300.png 240w, https:\/\/imariquique.cl\/inicio\/wp-content\/uploads\/2026\/04\/w5-1-768x960.png 768w, https:\/\/imariquique.cl\/inicio\/wp-content\/uploads\/2026\/04\/w5-1.png 1080w\" sizes=\"(max-width: 800px) 100vw, 800px\" \/>\t\t\t\t\t\t\t\t\t\t\t\t\t\t\t<\/div>\n\t\t\t\t<\/div>\n\t\t\t\t<\/div>\n\t\t<div class=\"elementor-element elementor-element-8156aa4 e-con-full e-flex e-con e-child\" data-id=\"8156aa4\" data-element_type=\"container\" data-e-type=\"container\">\n\t\t\t\t<div class=\"elementor-element elementor-element-b424b9f elementor-widget elementor-widget-image\" data-id=\"b424b9f\" data-element_type=\"widget\" data-e-type=\"widget\" data-widget_type=\"image.default\">\n\t\t\t\t<div class=\"elementor-widget-container\">\n\t\t\t\t\t\t\t\t\t\t\t\t\t\t\t<img loading=\"lazy\" decoding=\"async\" width=\"800\" height=\"1000\" src=\"https:\/\/imariquique.cl\/inicio\/wp-content\/uploads\/2026\/04\/w4-1-819x1024.png\" class=\"attachment-large size-large wp-image-4162\" alt=\"\" srcset=\"https:\/\/imariquique.cl\/inicio\/wp-content\/uploads\/2026\/04\/w4-1-819x1024.png 819w, https:\/\/imariquique.cl\/inicio\/wp-content\/uploads\/2026\/04\/w4-1-240x300.png 240w, https:\/\/imariquique.cl\/inicio\/wp-content\/uploads\/2026\/04\/w4-1-768x960.png 768w, https:\/\/imariquique.cl\/inicio\/wp-content\/uploads\/2026\/04\/w4-1.png 1080w\" sizes=\"(max-width: 800px) 100vw, 800px\" \/>\t\t\t\t\t\t\t\t\t\t\t\t\t\t\t<\/div>\n\t\t\t\t<\/div>\n\t\t\t\t<\/div>\n\t\t\t\t\t<\/div>\n\t\t\t\t<\/div>\n\t\t\t\t<\/div>\n\t\t","protected":false},"excerpt":{"rendered":"<p>En el marco de la celebraci\u00f3n del D\u00eda del Libro, se llev\u00f3 a cabo la inauguraci\u00f3n de la P\u00e9rgola Literaria en nuestro establecimiento, una iniciativa que convoc\u00f3 a toda la comunidad educativa en torno al fomento lector. Durante la jornada, se realiz\u00f3 la entrega gratuita de libros para estudiantes por medio de bibliotecas m\u00f3viles, promoviendo [&hellip;]<\/p>\n","protected":false},"author":3,"featured_media":0,"parent":0,"menu_order":0,"comment_status":"closed","ping_status":"closed","template":"","meta":{"footnotes":""},"class_list":["post-4157","page","type-page","status-publish","hentry"],"_links":{"self":[{"href":"https:\/\/imariquique.cl\/inicio\/wp-json\/wp\/v2\/pages\/4157","targetHints":{"allow":["GET"]}}],"collection":[{"href":"https:\/\/imariquique.cl\/inicio\/wp-json\/wp\/v2\/pages"}],"about":[{"href":"https:\/\/imariquique.cl\/inicio\/wp-json\/wp\/v2\/types\/page"}],"author":[{"embeddable":true,"href":"https:\/\/imariquique.cl\/inicio\/wp-json\/wp\/v2\/users\/3"}],"replies":[{"embeddable":true,"href":"https:\/\/imariquique.cl\/inicio\/wp-json\/wp\/v2\/comments?post=4157"}],"version-history":[{"count":4,"href":"https:\/\/imariquique.cl\/inicio\/wp-json\/wp\/v2\/pages\/4157\/revisions"}],"predecessor-version":[{"id":4169,"href":"https:\/\/imariquique.cl\/inicio\/wp-json\/wp\/v2\/pages\/4157\/revisions\/4169"}],"wp:attachment":[{"href":"https:\/\/imariquique.cl\/inicio\/wp-json\/wp\/v2\/media?parent=4157"}],"curies":[{"name":"wp","href":"https:\/\/api.w.org\/{rel}","templated":true}]}}

Día de Libro en IMAR

<div data-elementor-type="wp-page" data-elementor-id="4157" class="elementor elementor-4157" data-elementor-post-type="page">
				<div class="elementor-element elementor-element-4aaaa06 e-flex e-con-boxed e-con e-parent" data-id="4aaaa06" data-element_type="container" data-e-type="container">
					<div class="e-con-inner">
				<div class="elementor-element elementor-element-68ef18b elementor-widget elementor-widget-text-editor" data-id="68ef18b" data-element_type="widget" data-e-type="widget" data-widget_type="text-editor.default">
				<div class="elementor-widget-container">
									<p style="text-align: justify;">En el marco de la celebración del Día del Libro, se llevó a cabo la inauguración de la Pérgola Literaria en nuestro establecimiento, una iniciativa que convocó a toda la comunidad educativa en torno al fomento lector.</p>
<p style="text-align: justify;">Durante la jornada, se realizó la entrega gratuita de libros para estudiantes por medio de bibliotecas móviles, promoviendo el acceso y disfrute de la lectura. Paralelamente, en la biblioteca se desarrollaron actividades de cuentacuentos para los cursos de séptimo básico, octavo básico y primeros medios, a cargo del centro cultural Ficción Iquique y de los relatores Macarena Alucema y Mauro Díaz, generando espacios de encuentro y participación. Asimismo, se realizó un Día del Disfraz con la intencionalidad de promover la diversidad, la expresión creativa y la sana convivencia entre los estudiantes.</p>
<p style="text-align: justify;">Esta significativa iniciativa fue organizada por el CRA en conjunto con el Departamento de Lenguaje, fortaleciendo el compromiso con la formación de lectores activos y críticos. Finalmente, se agradece a toda la comunidad por su participación activa en dichas actividades.</p>								</div>
				</div>
					</div>
				</div>
		<div class="elementor-element elementor-element-2addcf3 e-flex e-con-boxed e-con e-parent" data-id="2addcf3" data-element_type="container" data-e-type="container">
					<div class="e-con-inner">
		<div class="elementor-element elementor-element-98a259b e-con-full e-flex e-con e-child" data-id="98a259b" data-element_type="container" data-e-type="container">
				<div class="elementor-element elementor-element-3058f97 elementor-widget elementor-widget-image" data-id="3058f97" data-element_type="widget" data-e-type="widget" data-widget_type="image.default">
				<div class="elementor-widget-container">
															<img fetchpriority="high" decoding="async" width="800" height="1000" src="https://imariquique.cl/inicio/wp-content/uploads/2026/04/w6-1-819x1024.png" class="attachment-large size-large wp-image-4164" alt="" srcset="https://imariquique.cl/inicio/wp-content/uploads/2026/04/w6-1-819x1024.png 819w, https://imariquique.cl/inicio/wp-content/uploads/2026/04/w6-1-240x300.png 240w, https://imariquique.cl/inicio/wp-content/uploads/2026/04/w6-1-768x960.png 768w, https://imariquique.cl/inicio/wp-content/uploads/2026/04/w6-1.png 1080w" sizes="(max-width: 800px) 100vw, 800px" />															</div>
				</div>
				</div>
		<div class="elementor-element elementor-element-3e00faa e-con-full e-flex e-con e-child" data-id="3e00faa" data-element_type="container" data-e-type="container">
				<div class="elementor-element elementor-element-4c4c6e6 elementor-widget elementor-widget-image" data-id="4c4c6e6" data-element_type="widget" data-e-type="widget" data-widget_type="image.default">
				<div class="elementor-widget-container">
															<img decoding="async" width="800" height="1000" src="https://imariquique.cl/inicio/wp-content/uploads/2026/04/w2-2-819x1024.png" class="attachment-large size-large wp-image-4160" alt="" srcset="https://imariquique.cl/inicio/wp-content/uploads/2026/04/w2-2-819x1024.png 819w, https://imariquique.cl/inicio/wp-content/uploads/2026/04/w2-2-240x300.png 240w, https://imariquique.cl/inicio/wp-content/uploads/2026/04/w2-2-768x960.png 768w, https://imariquique.cl/inicio/wp-content/uploads/2026/04/w2-2.png 1080w" sizes="(max-width: 800px) 100vw, 800px" />															</div>
				</div>
				</div>
		<div class="elementor-element elementor-element-9f8e4e1 e-con-full e-flex e-con e-child" data-id="9f8e4e1" data-element_type="container" data-e-type="container">
				<div class="elementor-element elementor-element-d3c59b5 elementor-widget elementor-widget-image" data-id="d3c59b5" data-element_type="widget" data-e-type="widget" data-widget_type="image.default">
				<div class="elementor-widget-container">
															<img decoding="async" width="800" height="1000" src="https://imariquique.cl/inicio/wp-content/uploads/2026/04/w5-1-819x1024.png" class="attachment-large size-large wp-image-4163" alt="" srcset="https://imariquique.cl/inicio/wp-content/uploads/2026/04/w5-1-819x1024.png 819w, https://imariquique.cl/inicio/wp-content/uploads/2026/04/w5-1-240x300.png 240w, https://imariquique.cl/inicio/wp-content/uploads/2026/04/w5-1-768x960.png 768w, https://imariquique.cl/inicio/wp-content/uploads/2026/04/w5-1.png 1080w" sizes="(max-width: 800px) 100vw, 800px" />															</div>
				</div>
				</div>
		<div class="elementor-element elementor-element-8156aa4 e-con-full e-flex e-con e-child" data-id="8156aa4" data-element_type="container" data-e-type="container">
				<div class="elementor-element elementor-element-b424b9f elementor-widget elementor-widget-image" data-id="b424b9f" data-element_type="widget" data-e-type="widget" data-widget_type="image.default">
				<div class="elementor-widget-container">
															<img loading="lazy" decoding="async" width="800" height="1000" src="https://imariquique.cl/inicio/wp-content/uploads/2026/04/w4-1-819x1024.png" class="attachment-large size-large wp-image-4162" alt="" srcset="https://imariquique.cl/inicio/wp-content/uploads/2026/04/w4-1-819x1024.png 819w, https://imariquique.cl/inicio/wp-content/uploads/2026/04/w4-1-240x300.png 240w, https://imariquique.cl/inicio/wp-content/uploads/2026/04/w4-1-768x960.png 768w, https://imariquique.cl/inicio/wp-content/uploads/2026/04/w4-1.png 1080w" sizes="(max-width: 800px) 100vw, 800px" />															</div>
				</div>
				</div>
					</div>
				</div>
				</div>

<p>En el marco de la celebración del Día del Libro, se llevó a cabo la inauguración de la Pérgola Literaria en nuestro establecimiento, una iniciativa que convocó a toda la comunidad educativa en torno al fomento lector. Durante la jornada, se realizó la entrega gratuita de libros para estudiantes por medio de bibliotecas móviles, promoviendo [&hellip;]</p>
