{"id":3634,"date":"2025-10-17T08:13:31","date_gmt":"2025-10-17T12:13:31","guid":{"rendered":"https:\/\/imariquique.cl\/inicio\/?page_id=3634"},"modified":"2025-10-17T08:14:51","modified_gmt":"2025-10-17T12:14:51","slug":"selloust","status":"publish","type":"page","link":"https:\/\/imariquique.cl\/inicio\/selloust\/","title":{"rendered":""},"content":{"rendered":"\t\t<div data-elementor-type=\"wp-page\" data-elementor-id=\"3634\" class=\"elementor elementor-3634\" data-elementor-post-type=\"page\">\n\t\t\t\t<div class=\"elementor-element elementor-element-57dc94b e-flex e-con-boxed e-con e-parent\" data-id=\"57dc94b\" data-element_type=\"container\" data-e-type=\"container\">\n\t\t\t\t\t<div class=\"e-con-inner\">\n\t\t\t\t<div class=\"elementor-element elementor-element-bfa6ecf elementor-widget elementor-widget-image\" data-id=\"bfa6ecf\" data-element_type=\"widget\" data-e-type=\"widget\" data-widget_type=\"image.default\">\n\t\t\t\t<div class=\"elementor-widget-container\">\n\t\t\t\t\t\t\t\t\t\t\t\t\t\t\t<img fetchpriority=\"high\" decoding=\"async\" width=\"1573\" height=\"1049\" src=\"https:\/\/imariquique.cl\/inicio\/wp-content\/uploads\/2025\/10\/DSC_3798_12.jpg\" class=\"attachment-full size-full wp-image-3642\" alt=\"\" srcset=\"https:\/\/imariquique.cl\/inicio\/wp-content\/uploads\/2025\/10\/DSC_3798_12.jpg 1573w, https:\/\/imariquique.cl\/inicio\/wp-content\/uploads\/2025\/10\/DSC_3798_12-300x200.jpg 300w, https:\/\/imariquique.cl\/inicio\/wp-content\/uploads\/2025\/10\/DSC_3798_12-1024x683.jpg 1024w, https:\/\/imariquique.cl\/inicio\/wp-content\/uploads\/2025\/10\/DSC_3798_12-768x512.jpg 768w, https:\/\/imariquique.cl\/inicio\/wp-content\/uploads\/2025\/10\/DSC_3798_12-1536x1024.jpg 1536w\" sizes=\"(max-width: 1573px) 100vw, 1573px\" \/>\t\t\t\t\t\t\t\t\t\t\t\t\t\t\t<\/div>\n\t\t\t\t<\/div>\n\t\t\t\t\t<\/div>\n\t\t\t\t<\/div>\n\t\t<div class=\"elementor-element elementor-element-5ff60fc e-flex e-con-boxed e-con e-parent\" data-id=\"5ff60fc\" data-element_type=\"container\" data-e-type=\"container\">\n\t\t\t\t\t<div class=\"e-con-inner\">\n\t\t\t\t<div class=\"elementor-element elementor-element-3695b9e elementor-widget elementor-widget-text-editor\" data-id=\"3695b9e\" data-element_type=\"widget\" data-e-type=\"widget\" data-widget_type=\"text-editor.default\">\n\t\t\t\t<div class=\"elementor-widget-container\">\n\t\t\t\t\t\t\t\t\t<p style=\"text-align: justify;\" data-start=\"121\" data-end=\"207\"><strong data-start=\"125\" data-end=\"207\">Reflexi\u00f3n y valores: una jornada que fortalece nuestra identidad institucional.<\/strong><\/p>\n<p style=\"text-align: justify;\" data-start=\"209\" data-end=\"582\">En una instancia marcada por la reflexi\u00f3n y el compromiso con la formaci\u00f3n val\u00f3rica, nuestro <strong data-start=\"302\" data-end=\"367\">Liceo Bicentenario Instituto del Mar Almirante Carlos Condell<\/strong> fue protagonista de una significativa jornada en el marco de los <strong data-start=\"433\" data-end=\"471\">Conversatorios del Tema Sello 2025<\/strong>, organizados por la <strong data-start=\"492\" data-end=\"525\">Universidad Santo Tom\u00e1s (UST)<\/strong> a trav\u00e9s de su <strong data-start=\"541\" data-end=\"579\">Direcci\u00f3n de Formaci\u00f3n e Identidad<\/strong>.<\/p>\n<p style=\"text-align: justify;\" data-start=\"584\" data-end=\"835\">La actividad, <strong data-start=\"598\" data-end=\"640\">encabezada por el rector Roberto Varas<\/strong>, convoc\u00f3 a estudiantes de nuestra comunidad educativa para dialogar profundamente sobre los valores del <strong data-start=\"745\" data-end=\"768\">Respeto e Inclusi\u00f3n<\/strong>, pilares fundamentales de la convivencia y el desarrollo humano.<\/p>\n<p style=\"text-align: justify;\" data-start=\"837\" data-end=\"1128\">Durante la jornada, se gener\u00f3 un espacio de conversaci\u00f3n honesta y constructiva, en el que nuestros j\u00f3venes compartieron sus miradas, experiencias y compromisos frente a la importancia de construir una comunidad educativa basada en el reconocimiento mutuo y la aceptaci\u00f3n de la diversidad.<\/p>\t\t\t\t\t\t\t\t<\/div>\n\t\t\t\t<\/div>\n\t\t\t\t\t<\/div>\n\t\t\t\t<\/div>\n\t\t<div class=\"elementor-element elementor-element-fb30f76 e-flex e-con-boxed e-con e-parent\" data-id=\"fb30f76\" data-element_type=\"container\" data-e-type=\"container\">\n\t\t\t\t\t<div class=\"e-con-inner\">\n\t\t<div class=\"elementor-element elementor-element-eabf4ad e-con-full e-flex e-con e-child\" data-id=\"eabf4ad\" data-element_type=\"container\" data-e-type=\"container\">\n\t\t\t\t<div class=\"elementor-element elementor-element-13f1b13 elementor-widget elementor-widget-image\" data-id=\"13f1b13\" data-element_type=\"widget\" data-e-type=\"widget\" data-widget_type=\"image.default\">\n\t\t\t\t<div class=\"elementor-widget-container\">\n\t\t\t\t\t\t\t\t\t\t\t\t\t\t\t<img decoding=\"async\" width=\"800\" height=\"534\" src=\"https:\/\/imariquique.cl\/inicio\/wp-content\/uploads\/2025\/10\/DSC_3744_12-1024x683.jpg\" class=\"attachment-large size-large wp-image-3640\" alt=\"\" srcset=\"https:\/\/imariquique.cl\/inicio\/wp-content\/uploads\/2025\/10\/DSC_3744_12-1024x683.jpg 1024w, https:\/\/imariquique.cl\/inicio\/wp-content\/uploads\/2025\/10\/DSC_3744_12-300x200.jpg 300w, https:\/\/imariquique.cl\/inicio\/wp-content\/uploads\/2025\/10\/DSC_3744_12-768x512.jpg 768w, https:\/\/imariquique.cl\/inicio\/wp-content\/uploads\/2025\/10\/DSC_3744_12.jpg 1528w\" sizes=\"(max-width: 800px) 100vw, 800px\" \/>\t\t\t\t\t\t\t\t\t\t\t\t\t\t\t<\/div>\n\t\t\t\t<\/div>\n\t\t\t\t<\/div>\n\t\t<div class=\"elementor-element elementor-element-5dd7989 e-con-full e-flex e-con e-child\" data-id=\"5dd7989\" data-element_type=\"container\" data-e-type=\"container\">\n\t\t\t\t<div class=\"elementor-element elementor-element-f6d74cc elementor-widget elementor-widget-image\" data-id=\"f6d74cc\" data-element_type=\"widget\" data-e-type=\"widget\" data-widget_type=\"image.default\">\n\t\t\t\t<div class=\"elementor-widget-container\">\n\t\t\t\t\t\t\t\t\t\t\t\t\t\t\t<img decoding=\"async\" width=\"800\" height=\"534\" src=\"https:\/\/imariquique.cl\/inicio\/wp-content\/uploads\/2025\/10\/DSC_36182-1024x683.jpg\" class=\"attachment-large size-large wp-image-3638\" alt=\"\" srcset=\"https:\/\/imariquique.cl\/inicio\/wp-content\/uploads\/2025\/10\/DSC_36182-1024x683.jpg 1024w, https:\/\/imariquique.cl\/inicio\/wp-content\/uploads\/2025\/10\/DSC_36182-300x200.jpg 300w, https:\/\/imariquique.cl\/inicio\/wp-content\/uploads\/2025\/10\/DSC_36182-768x512.jpg 768w, https:\/\/imariquique.cl\/inicio\/wp-content\/uploads\/2025\/10\/DSC_36182-1536x1024.jpg 1536w, https:\/\/imariquique.cl\/inicio\/wp-content\/uploads\/2025\/10\/DSC_36182.jpg 1620w\" sizes=\"(max-width: 800px) 100vw, 800px\" \/>\t\t\t\t\t\t\t\t\t\t\t\t\t\t\t<\/div>\n\t\t\t\t<\/div>\n\t\t\t\t<\/div>\n\t\t\t\t\t<\/div>\n\t\t\t\t<\/div>\n\t\t<div class=\"elementor-element elementor-element-7fe7188 e-flex e-con-boxed e-con e-parent\" data-id=\"7fe7188\" data-element_type=\"container\" data-e-type=\"container\">\n\t\t\t\t\t<div class=\"e-con-inner\">\n\t\t\t\t<div class=\"elementor-element elementor-element-2ad8f56 elementor-widget elementor-widget-text-editor\" data-id=\"2ad8f56\" data-element_type=\"widget\" data-e-type=\"widget\" data-widget_type=\"text-editor.default\">\n\t\t\t\t<div class=\"elementor-widget-container\">\n\t\t\t\t\t\t\t\t\t<p style=\"text-align: justify;\" data-start=\"1130\" data-end=\"1392\">Este encuentro no solo permiti\u00f3 <strong data-start=\"1162\" data-end=\"1216\">fortalecer el sentido de pertenencia institucional<\/strong>, sino tambi\u00e9n reafirmar el compromiso de nuestro liceo con la formaci\u00f3n integral de nuestros estudiantes, donde lo acad\u00e9mico va de la mano con la educaci\u00f3n en valores.<\/p><p style=\"text-align: justify;\" data-start=\"1394\" data-end=\"1647\">El <strong data-start=\"1397\" data-end=\"1434\">Conversatorio del Tema Sello 2025<\/strong> se consolida as\u00ed como una oportunidad valiosa para seguir promoviendo una cultura de di\u00e1logo, empat\u00eda y respeto que trasciende las aulas y proyecta el sello humano que caracteriza a nuestra comunidad educativa.<\/p>\t\t\t\t\t\t\t\t<\/div>\n\t\t\t\t<\/div>\n\t\t\t\t\t<\/div>\n\t\t\t\t<\/div>\n\t\t<div class=\"elementor-element elementor-element-0d0c85c e-flex e-con-boxed e-con e-parent\" data-id=\"0d0c85c\" data-element_type=\"container\" data-e-type=\"container\">\n\t\t\t\t\t<div class=\"e-con-inner\">\n\t\t\t\t<div class=\"elementor-element elementor-element-8d17fc6 elementor-widget elementor-widget-image\" data-id=\"8d17fc6\" data-element_type=\"widget\" data-e-type=\"widget\" data-widget_type=\"image.default\">\n\t\t\t\t<div class=\"elementor-widget-container\">\n\t\t\t\t\t\t\t\t\t\t\t\t\t\t\t<img loading=\"lazy\" decoding=\"async\" width=\"1580\" height=\"1053\" src=\"https:\/\/imariquique.cl\/inicio\/wp-content\/uploads\/2025\/10\/DSC_37472.jpg\" class=\"attachment-full size-full wp-image-3641\" alt=\"\" srcset=\"https:\/\/imariquique.cl\/inicio\/wp-content\/uploads\/2025\/10\/DSC_37472.jpg 1580w, https:\/\/imariquique.cl\/inicio\/wp-content\/uploads\/2025\/10\/DSC_37472-300x200.jpg 300w, https:\/\/imariquique.cl\/inicio\/wp-content\/uploads\/2025\/10\/DSC_37472-1024x682.jpg 1024w, https:\/\/imariquique.cl\/inicio\/wp-content\/uploads\/2025\/10\/DSC_37472-768x512.jpg 768w, https:\/\/imariquique.cl\/inicio\/wp-content\/uploads\/2025\/10\/DSC_37472-1536x1024.jpg 1536w\" sizes=\"(max-width: 1580px) 100vw, 1580px\" \/>\t\t\t\t\t\t\t\t\t\t\t\t\t\t\t<\/div>\n\t\t\t\t<\/div>\n\t\t\t\t\t<\/div>\n\t\t\t\t<\/div>\n\t\t\t\t<\/div>\n\t\t","protected":false},"excerpt":{"rendered":"<p>Reflexi\u00f3n y valores: una jornada que fortalece nuestra identidad institucional. En una instancia marcada por la reflexi\u00f3n y el compromiso con la formaci\u00f3n val\u00f3rica, nuestro Liceo Bicentenario Instituto del Mar Almirante Carlos Condell fue protagonista de una significativa jornada en el marco de los Conversatorios del Tema Sello 2025, organizados por la Universidad Santo Tom\u00e1s [&hellip;]<\/p>\n","protected":false},"author":3,"featured_media":0,"parent":0,"menu_order":0,"comment_status":"closed","ping_status":"closed","template":"","meta":{"footnotes":""},"class_list":["post-3634","page","type-page","status-publish","hentry"],"_links":{"self":[{"href":"https:\/\/imariquique.cl\/inicio\/wp-json\/wp\/v2\/pages\/3634","targetHints":{"allow":["GET"]}}],"collection":[{"href":"https:\/\/imariquique.cl\/inicio\/wp-json\/wp\/v2\/pages"}],"about":[{"href":"https:\/\/imariquique.cl\/inicio\/wp-json\/wp\/v2\/types\/page"}],"author":[{"embeddable":true,"href":"https:\/\/imariquique.cl\/inicio\/wp-json\/wp\/v2\/users\/3"}],"replies":[{"embeddable":true,"href":"https:\/\/imariquique.cl\/inicio\/wp-json\/wp\/v2\/comments?post=3634"}],"version-history":[{"count":5,"href":"https:\/\/imariquique.cl\/inicio\/wp-json\/wp\/v2\/pages\/3634\/revisions"}],"predecessor-version":[{"id":3646,"href":"https:\/\/imariquique.cl\/inicio\/wp-json\/wp\/v2\/pages\/3634\/revisions\/3646"}],"wp:attachment":[{"href":"https:\/\/imariquique.cl\/inicio\/wp-json\/wp\/v2\/media?parent=3634"}],"curies":[{"name":"wp","href":"https:\/\/api.w.org\/{rel}","templated":true}]}}

<div data-elementor-type="wp-page" data-elementor-id="3634" class="elementor elementor-3634" data-elementor-post-type="page">
				<div class="elementor-element elementor-element-57dc94b e-flex e-con-boxed e-con e-parent" data-id="57dc94b" data-element_type="container" data-e-type="container">
					<div class="e-con-inner">
				<div class="elementor-element elementor-element-bfa6ecf elementor-widget elementor-widget-image" data-id="bfa6ecf" data-element_type="widget" data-e-type="widget" data-widget_type="image.default">
				<div class="elementor-widget-container">
															<img fetchpriority="high" decoding="async" width="1573" height="1049" src="https://imariquique.cl/inicio/wp-content/uploads/2025/10/DSC_3798_12.jpg" class="attachment-full size-full wp-image-3642" alt="" srcset="https://imariquique.cl/inicio/wp-content/uploads/2025/10/DSC_3798_12.jpg 1573w, https://imariquique.cl/inicio/wp-content/uploads/2025/10/DSC_3798_12-300x200.jpg 300w, https://imariquique.cl/inicio/wp-content/uploads/2025/10/DSC_3798_12-1024x683.jpg 1024w, https://imariquique.cl/inicio/wp-content/uploads/2025/10/DSC_3798_12-768x512.jpg 768w, https://imariquique.cl/inicio/wp-content/uploads/2025/10/DSC_3798_12-1536x1024.jpg 1536w" sizes="(max-width: 1573px) 100vw, 1573px" />															</div>
				</div>
					</div>
				</div>
		<div class="elementor-element elementor-element-5ff60fc e-flex e-con-boxed e-con e-parent" data-id="5ff60fc" data-element_type="container" data-e-type="container">
					<div class="e-con-inner">
				<div class="elementor-element elementor-element-3695b9e elementor-widget elementor-widget-text-editor" data-id="3695b9e" data-element_type="widget" data-e-type="widget" data-widget_type="text-editor.default">
				<div class="elementor-widget-container">
									<p style="text-align: justify;" data-start="121" data-end="207"><strong data-start="125" data-end="207">Reflexión y valores: una jornada que fortalece nuestra identidad institucional.</strong></p>
<p style="text-align: justify;" data-start="209" data-end="582">En una instancia marcada por la reflexión y el compromiso con la formación valórica, nuestro <strong data-start="302" data-end="367">Liceo Bicentenario Instituto del Mar Almirante Carlos Condell</strong> fue protagonista de una significativa jornada en el marco de los <strong data-start="433" data-end="471">Conversatorios del Tema Sello 2025</strong>, organizados por la <strong data-start="492" data-end="525">Universidad Santo Tomás (UST)</strong> a través de su <strong data-start="541" data-end="579">Dirección de Formación e Identidad</strong>.</p>
<p style="text-align: justify;" data-start="584" data-end="835">La actividad, <strong data-start="598" data-end="640">encabezada por el rector Roberto Varas</strong>, convocó a estudiantes de nuestra comunidad educativa para dialogar profundamente sobre los valores del <strong data-start="745" data-end="768">Respeto e Inclusión</strong>, pilares fundamentales de la convivencia y el desarrollo humano.</p>
<p style="text-align: justify;" data-start="837" data-end="1128">Durante la jornada, se generó un espacio de conversación honesta y constructiva, en el que nuestros jóvenes compartieron sus miradas, experiencias y compromisos frente a la importancia de construir una comunidad educativa basada en el reconocimiento mutuo y la aceptación de la diversidad.</p>								</div>
				</div>
					</div>
				</div>
		<div class="elementor-element elementor-element-fb30f76 e-flex e-con-boxed e-con e-parent" data-id="fb30f76" data-element_type="container" data-e-type="container">
					<div class="e-con-inner">
		<div class="elementor-element elementor-element-eabf4ad e-con-full e-flex e-con e-child" data-id="eabf4ad" data-element_type="container" data-e-type="container">
				<div class="elementor-element elementor-element-13f1b13 elementor-widget elementor-widget-image" data-id="13f1b13" data-element_type="widget" data-e-type="widget" data-widget_type="image.default">
				<div class="elementor-widget-container">
															<img decoding="async" width="800" height="534" src="https://imariquique.cl/inicio/wp-content/uploads/2025/10/DSC_3744_12-1024x683.jpg" class="attachment-large size-large wp-image-3640" alt="" srcset="https://imariquique.cl/inicio/wp-content/uploads/2025/10/DSC_3744_12-1024x683.jpg 1024w, https://imariquique.cl/inicio/wp-content/uploads/2025/10/DSC_3744_12-300x200.jpg 300w, https://imariquique.cl/inicio/wp-content/uploads/2025/10/DSC_3744_12-768x512.jpg 768w, https://imariquique.cl/inicio/wp-content/uploads/2025/10/DSC_3744_12.jpg 1528w" sizes="(max-width: 800px) 100vw, 800px" />															</div>
				</div>
				</div>
		<div class="elementor-element elementor-element-5dd7989 e-con-full e-flex e-con e-child" data-id="5dd7989" data-element_type="container" data-e-type="container">
				<div class="elementor-element elementor-element-f6d74cc elementor-widget elementor-widget-image" data-id="f6d74cc" data-element_type="widget" data-e-type="widget" data-widget_type="image.default">
				<div class="elementor-widget-container">
															<img decoding="async" width="800" height="534" src="https://imariquique.cl/inicio/wp-content/uploads/2025/10/DSC_36182-1024x683.jpg" class="attachment-large size-large wp-image-3638" alt="" srcset="https://imariquique.cl/inicio/wp-content/uploads/2025/10/DSC_36182-1024x683.jpg 1024w, https://imariquique.cl/inicio/wp-content/uploads/2025/10/DSC_36182-300x200.jpg 300w, https://imariquique.cl/inicio/wp-content/uploads/2025/10/DSC_36182-768x512.jpg 768w, https://imariquique.cl/inicio/wp-content/uploads/2025/10/DSC_36182-1536x1024.jpg 1536w, https://imariquique.cl/inicio/wp-content/uploads/2025/10/DSC_36182.jpg 1620w" sizes="(max-width: 800px) 100vw, 800px" />															</div>
				</div>
				</div>
					</div>
				</div>
		<div class="elementor-element elementor-element-7fe7188 e-flex e-con-boxed e-con e-parent" data-id="7fe7188" data-element_type="container" data-e-type="container">
					<div class="e-con-inner">
				<div class="elementor-element elementor-element-2ad8f56 elementor-widget elementor-widget-text-editor" data-id="2ad8f56" data-element_type="widget" data-e-type="widget" data-widget_type="text-editor.default">
				<div class="elementor-widget-container">
									<p style="text-align: justify;" data-start="1130" data-end="1392">Este encuentro no solo permitió <strong data-start="1162" data-end="1216">fortalecer el sentido de pertenencia institucional</strong>, sino también reafirmar el compromiso de nuestro liceo con la formación integral de nuestros estudiantes, donde lo académico va de la mano con la educación en valores.</p><p style="text-align: justify;" data-start="1394" data-end="1647">El <strong data-start="1397" data-end="1434">Conversatorio del Tema Sello 2025</strong> se consolida así como una oportunidad valiosa para seguir promoviendo una cultura de diálogo, empatía y respeto que trasciende las aulas y proyecta el sello humano que caracteriza a nuestra comunidad educativa.</p>								</div>
				</div>
					</div>
				</div>
		<div class="elementor-element elementor-element-0d0c85c e-flex e-con-boxed e-con e-parent" data-id="0d0c85c" data-element_type="container" data-e-type="container">
					<div class="e-con-inner">
				<div class="elementor-element elementor-element-8d17fc6 elementor-widget elementor-widget-image" data-id="8d17fc6" data-element_type="widget" data-e-type="widget" data-widget_type="image.default">
				<div class="elementor-widget-container">
															<img loading="lazy" decoding="async" width="1580" height="1053" src="https://imariquique.cl/inicio/wp-content/uploads/2025/10/DSC_37472.jpg" class="attachment-full size-full wp-image-3641" alt="" srcset="https://imariquique.cl/inicio/wp-content/uploads/2025/10/DSC_37472.jpg 1580w, https://imariquique.cl/inicio/wp-content/uploads/2025/10/DSC_37472-300x200.jpg 300w, https://imariquique.cl/inicio/wp-content/uploads/2025/10/DSC_37472-1024x682.jpg 1024w, https://imariquique.cl/inicio/wp-content/uploads/2025/10/DSC_37472-768x512.jpg 768w, https://imariquique.cl/inicio/wp-content/uploads/2025/10/DSC_37472-1536x1024.jpg 1536w" sizes="(max-width: 1580px) 100vw, 1580px" />															</div>
				</div>
					</div>
				</div>
				</div>

<p>Reflexión y valores: una jornada que fortalece nuestra identidad institucional. En una instancia marcada por la reflexión y el compromiso con la formación valórica, nuestro Liceo Bicentenario Instituto del Mar Almirante Carlos Condell fue protagonista de una significativa jornada en el marco de los Conversatorios del Tema Sello 2025, organizados por la Universidad Santo Tomás [&hellip;]</p>
