{"id":2051,"date":"2024-05-15T18:13:08","date_gmt":"2024-05-15T22:13:08","guid":{"rendered":"https:\/\/imariquique.cl\/inicio\/?page_id=2051"},"modified":"2024-05-16T12:06:32","modified_gmt":"2024-05-16T16:06:32","slug":"visita-portuaria","status":"publish","type":"page","link":"https:\/\/imariquique.cl\/inicio\/visita-portuaria\/","title":{"rendered":""},"content":{"rendered":"\t\t<div data-elementor-type=\"wp-page\" data-elementor-id=\"2051\" class=\"elementor elementor-2051\" data-elementor-post-type=\"page\">\n\t\t\t\t<div class=\"elementor-element elementor-element-7a05eaa e-flex e-con-boxed e-con e-parent\" data-id=\"7a05eaa\" data-element_type=\"container\" data-e-type=\"container\">\n\t\t\t\t\t<div class=\"e-con-inner\">\n\t\t\t\t<div class=\"elementor-element elementor-element-7c0d5a4 elementor-widget elementor-widget-heading\" data-id=\"7c0d5a4\" data-element_type=\"widget\" data-e-type=\"widget\" data-widget_type=\"heading.default\">\n\t\t\t\t<div class=\"elementor-widget-container\">\n\t\t\t\t\t<h2 class=\"elementor-heading-title elementor-size-default\">ALUMNOS DE OPERACIONES PORTUARIAS VISITAN EL PUERTO DE IQUIQUE.<\/h2>\t\t\t\t<\/div>\n\t\t\t\t<\/div>\n\t\t\t\t\t<\/div>\n\t\t\t\t<\/div>\n\t\t<div class=\"elementor-element elementor-element-6cac525 e-grid e-con-boxed e-con e-parent\" data-id=\"6cac525\" data-element_type=\"container\" data-e-type=\"container\">\n\t\t\t\t\t<div class=\"e-con-inner\">\n\t\t\t\t<div class=\"elementor-element elementor-element-7d602cd elementor-drop-cap-yes elementor-drop-cap-view-default elementor-widget elementor-widget-text-editor\" data-id=\"7d602cd\" data-element_type=\"widget\" data-e-type=\"widget\" data-settings=\"{&quot;drop_cap&quot;:&quot;yes&quot;}\" data-widget_type=\"text-editor.default\">\n\t\t\t\t<div class=\"elementor-widget-container\">\n\t\t\t\t\t\t\t\t\t<p style=\"text-align: justify;\">En una experiencia educativa sin precedentes, los estudiantes de la carrera de Operaciones Portuarias tuvieron la oportunidad de sumergirse en el coraz\u00f3n del comercio mar\u00edtimo al visitar el Terminal Internacional de Iquique (ITI). Acompa\u00f1ados por sus profesores, los alumnos recibieron una detallada exposici\u00f3n sobre las complejas operaciones y el funcionamiento interno de uno de los principales motores econ\u00f3micos de la regi\u00f3n.<\/p>\n<p style=\"text-align: justify;\">La visita, coordinada en colaboraci\u00f3n con la empresa SITRANS, l\u00edder en log\u00edstica y transporte, permiti\u00f3 a los estudiantes no solo observar de cerca las actividades portuarias en acci\u00f3n, sino tambi\u00e9n interactuar con profesionales experimentados que compartieron su vasto conocimiento y experiencia en el campo.<\/p>\t\t\t\t\t\t\t\t<\/div>\n\t\t\t\t<\/div>\n\t\t\t\t<div class=\"elementor-element elementor-element-2017edb elementor-widget elementor-widget-image\" data-id=\"2017edb\" data-element_type=\"widget\" data-e-type=\"widget\" data-widget_type=\"image.default\">\n\t\t\t\t<div class=\"elementor-widget-container\">\n\t\t\t\t\t\t\t\t\t\t\t\t\t\t\t<img fetchpriority=\"high\" decoding=\"async\" width=\"800\" height=\"694\" src=\"https:\/\/imariquique.cl\/inicio\/wp-content\/uploads\/2024\/05\/4-1024x888.jpg\" class=\"attachment-large size-large wp-image-2056\" alt=\"\" srcset=\"https:\/\/imariquique.cl\/inicio\/wp-content\/uploads\/2024\/05\/4-1024x888.jpg 1024w, https:\/\/imariquique.cl\/inicio\/wp-content\/uploads\/2024\/05\/4-300x260.jpg 300w, https:\/\/imariquique.cl\/inicio\/wp-content\/uploads\/2024\/05\/4-768x666.jpg 768w, https:\/\/imariquique.cl\/inicio\/wp-content\/uploads\/2024\/05\/4-1536x1332.jpg 1536w, https:\/\/imariquique.cl\/inicio\/wp-content\/uploads\/2024\/05\/4-2048x1776.jpg 2048w\" sizes=\"(max-width: 800px) 100vw, 800px\" \/>\t\t\t\t\t\t\t\t\t\t\t\t\t\t\t<\/div>\n\t\t\t\t<\/div>\n\t\t\t\t\t<\/div>\n\t\t\t\t<\/div>\n\t\t<div class=\"elementor-element elementor-element-a15fa28 e-flex e-con-boxed e-con e-parent\" data-id=\"a15fa28\" data-element_type=\"container\" data-e-type=\"container\">\n\t\t\t\t\t<div class=\"e-con-inner\">\n\t\t\t\t<div class=\"elementor-element elementor-element-f88f544 elementor-widget elementor-widget-image\" data-id=\"f88f544\" data-element_type=\"widget\" data-e-type=\"widget\" data-widget_type=\"image.default\">\n\t\t\t\t<div class=\"elementor-widget-container\">\n\t\t\t\t\t\t\t\t\t\t\t\t\t\t\t<img decoding=\"async\" width=\"2560\" height=\"1367\" src=\"https:\/\/imariquique.cl\/inicio\/wp-content\/uploads\/2024\/05\/10-scaled.jpg\" class=\"attachment-full size-full wp-image-2060\" alt=\"\" srcset=\"https:\/\/imariquique.cl\/inicio\/wp-content\/uploads\/2024\/05\/10-scaled.jpg 2560w, https:\/\/imariquique.cl\/inicio\/wp-content\/uploads\/2024\/05\/10-300x160.jpg 300w, https:\/\/imariquique.cl\/inicio\/wp-content\/uploads\/2024\/05\/10-1024x547.jpg 1024w, https:\/\/imariquique.cl\/inicio\/wp-content\/uploads\/2024\/05\/10-768x410.jpg 768w, https:\/\/imariquique.cl\/inicio\/wp-content\/uploads\/2024\/05\/10-1536x820.jpg 1536w, https:\/\/imariquique.cl\/inicio\/wp-content\/uploads\/2024\/05\/10-2048x1094.jpg 2048w\" sizes=\"(max-width: 2560px) 100vw, 2560px\" \/>\t\t\t\t\t\t\t\t\t\t\t\t\t\t\t<\/div>\n\t\t\t\t<\/div>\n\t\t\t\t\t<\/div>\n\t\t\t\t<\/div>\n\t\t<div class=\"elementor-element elementor-element-a8deebf e-flex e-con-boxed e-con e-parent\" data-id=\"a8deebf\" data-element_type=\"container\" data-e-type=\"container\">\n\t\t\t\t\t<div class=\"e-con-inner\">\n\t\t<div class=\"elementor-element elementor-element-d4c2223 e-con-full e-flex e-con e-child\" data-id=\"d4c2223\" data-element_type=\"container\" data-e-type=\"container\">\n\t\t\t\t<div class=\"elementor-element elementor-element-ee06066 elementor-widget elementor-widget-image\" data-id=\"ee06066\" data-element_type=\"widget\" data-e-type=\"widget\" data-widget_type=\"image.default\">\n\t\t\t\t<div class=\"elementor-widget-container\">\n\t\t\t\t\t\t\t\t\t\t\t\t\t\t\t<img decoding=\"async\" width=\"800\" height=\"818\" src=\"https:\/\/imariquique.cl\/inicio\/wp-content\/uploads\/2024\/05\/9-1001x1024.jpg\" class=\"attachment-large size-large wp-image-2068\" alt=\"\" srcset=\"https:\/\/imariquique.cl\/inicio\/wp-content\/uploads\/2024\/05\/9-1001x1024.jpg 1001w, https:\/\/imariquique.cl\/inicio\/wp-content\/uploads\/2024\/05\/9-293x300.jpg 293w, https:\/\/imariquique.cl\/inicio\/wp-content\/uploads\/2024\/05\/9-768x785.jpg 768w, https:\/\/imariquique.cl\/inicio\/wp-content\/uploads\/2024\/05\/9-1502x1536.jpg 1502w, https:\/\/imariquique.cl\/inicio\/wp-content\/uploads\/2024\/05\/9-2002x2048.jpg 2002w\" sizes=\"(max-width: 800px) 100vw, 800px\" \/>\t\t\t\t\t\t\t\t\t\t\t\t\t\t\t<\/div>\n\t\t\t\t<\/div>\n\t\t\t\t<\/div>\n\t\t<div class=\"elementor-element elementor-element-213e9ab e-con-full e-flex e-con e-child\" data-id=\"213e9ab\" data-element_type=\"container\" data-e-type=\"container\">\n\t\t\t\t<div class=\"elementor-element elementor-element-fe18114 elementor-widget elementor-widget-text-editor\" data-id=\"fe18114\" data-element_type=\"widget\" data-e-type=\"widget\" data-widget_type=\"text-editor.default\">\n\t\t\t\t<div class=\"elementor-widget-container\">\n\t\t\t\t\t\t\t\t\t<p style=\"text-align: justify;\">Para nuestros alumnos fue una experiencia invaluable ya que como futuros profesionales de las operaciones portuarias pudieron ver de primera mano c\u00f3mo se coordinan las operaciones de carga y descarga de contenedores, as\u00ed como comprender la importancia de la log\u00edstica eficiente en el comercio internacional.<\/p>\n<p style=\"text-align: justify;\">La iniciativa, que busca fomentar el aprendizaje pr\u00e1ctico y el contacto directo con el entorno laboral, recibi\u00f3 elogios tanto de los alumnos como de las autoridades educativas locales. Se espera que experiencias como esta no solo enriquezcan la formaci\u00f3n acad\u00e9mica de los estudiantes, sino que tambi\u00e9n contribuyan al desarrollo de una nueva generaci\u00f3n de profesionales altamente capacitados en el campo de las operaciones portuarias.<\/p><p style=\"text-align: justify;\">Para ver m\u00e1s im\u00e1genes de esta visita revisa nuestras redes sociales, Facebook e Instagram @imariquique.<\/p>\t\t\t\t\t\t\t\t<\/div>\n\t\t\t\t<\/div>\n\t\t\t\t<\/div>\n\t\t\t\t\t<\/div>\n\t\t\t\t<\/div>\n\t\t\t\t<\/div>\n\t\t","protected":false},"excerpt":{"rendered":"<p>ALUMNOS DE OPERACIONES PORTUARIAS VISITAN EL PUERTO DE IQUIQUE. En una experiencia educativa sin precedentes, los estudiantes de la carrera de Operaciones Portuarias tuvieron la oportunidad de sumergirse en el coraz\u00f3n del comercio mar\u00edtimo al visitar el Terminal Internacional de Iquique (ITI). Acompa\u00f1ados por sus profesores, los alumnos recibieron una detallada exposici\u00f3n sobre las complejas [&hellip;]<\/p>\n","protected":false},"author":3,"featured_media":0,"parent":0,"menu_order":0,"comment_status":"closed","ping_status":"closed","template":"","meta":{"footnotes":""},"class_list":["post-2051","page","type-page","status-publish","hentry"],"_links":{"self":[{"href":"https:\/\/imariquique.cl\/inicio\/wp-json\/wp\/v2\/pages\/2051","targetHints":{"allow":["GET"]}}],"collection":[{"href":"https:\/\/imariquique.cl\/inicio\/wp-json\/wp\/v2\/pages"}],"about":[{"href":"https:\/\/imariquique.cl\/inicio\/wp-json\/wp\/v2\/types\/page"}],"author":[{"embeddable":true,"href":"https:\/\/imariquique.cl\/inicio\/wp-json\/wp\/v2\/users\/3"}],"replies":[{"embeddable":true,"href":"https:\/\/imariquique.cl\/inicio\/wp-json\/wp\/v2\/comments?post=2051"}],"version-history":[{"count":8,"href":"https:\/\/imariquique.cl\/inicio\/wp-json\/wp\/v2\/pages\/2051\/revisions"}],"predecessor-version":[{"id":2076,"href":"https:\/\/imariquique.cl\/inicio\/wp-json\/wp\/v2\/pages\/2051\/revisions\/2076"}],"wp:attachment":[{"href":"https:\/\/imariquique.cl\/inicio\/wp-json\/wp\/v2\/media?parent=2051"}],"curies":[{"name":"wp","href":"https:\/\/api.w.org\/{rel}","templated":true}]}}

<div data-elementor-type="wp-page" data-elementor-id="2051" class="elementor elementor-2051" data-elementor-post-type="page">
				<div class="elementor-element elementor-element-7a05eaa e-flex e-con-boxed e-con e-parent" data-id="7a05eaa" data-element_type="container" data-e-type="container">
					<div class="e-con-inner">
				<div class="elementor-element elementor-element-7c0d5a4 elementor-widget elementor-widget-heading" data-id="7c0d5a4" data-element_type="widget" data-e-type="widget" data-widget_type="heading.default">
				<div class="elementor-widget-container">
					<h2 class="elementor-heading-title elementor-size-default">ALUMNOS DE OPERACIONES PORTUARIAS VISITAN EL PUERTO DE IQUIQUE.</h2>				</div>
				</div>
					</div>
				</div>
		<div class="elementor-element elementor-element-6cac525 e-grid e-con-boxed e-con e-parent" data-id="6cac525" data-element_type="container" data-e-type="container">
					<div class="e-con-inner">
				<div class="elementor-element elementor-element-7d602cd elementor-drop-cap-yes elementor-drop-cap-view-default elementor-widget elementor-widget-text-editor" data-id="7d602cd" data-element_type="widget" data-e-type="widget" data-settings="{&quot;drop_cap&quot;:&quot;yes&quot;}" data-widget_type="text-editor.default">
				<div class="elementor-widget-container">
									<p style="text-align: justify;">En una experiencia educativa sin precedentes, los estudiantes de la carrera de Operaciones Portuarias tuvieron la oportunidad de sumergirse en el corazón del comercio marítimo al visitar el Terminal Internacional de Iquique (ITI). Acompañados por sus profesores, los alumnos recibieron una detallada exposición sobre las complejas operaciones y el funcionamiento interno de uno de los principales motores económicos de la región.</p>
<p style="text-align: justify;">La visita, coordinada en colaboración con la empresa SITRANS, líder en logística y transporte, permitió a los estudiantes no solo observar de cerca las actividades portuarias en acción, sino también interactuar con profesionales experimentados que compartieron su vasto conocimiento y experiencia en el campo.</p>								</div>
				</div>
				<div class="elementor-element elementor-element-2017edb elementor-widget elementor-widget-image" data-id="2017edb" data-element_type="widget" data-e-type="widget" data-widget_type="image.default">
				<div class="elementor-widget-container">
															<img fetchpriority="high" decoding="async" width="800" height="694" src="https://imariquique.cl/inicio/wp-content/uploads/2024/05/4-1024x888.jpg" class="attachment-large size-large wp-image-2056" alt="" srcset="https://imariquique.cl/inicio/wp-content/uploads/2024/05/4-1024x888.jpg 1024w, https://imariquique.cl/inicio/wp-content/uploads/2024/05/4-300x260.jpg 300w, https://imariquique.cl/inicio/wp-content/uploads/2024/05/4-768x666.jpg 768w, https://imariquique.cl/inicio/wp-content/uploads/2024/05/4-1536x1332.jpg 1536w, https://imariquique.cl/inicio/wp-content/uploads/2024/05/4-2048x1776.jpg 2048w" sizes="(max-width: 800px) 100vw, 800px" />															</div>
				</div>
					</div>
				</div>
		<div class="elementor-element elementor-element-a15fa28 e-flex e-con-boxed e-con e-parent" data-id="a15fa28" data-element_type="container" data-e-type="container">
					<div class="e-con-inner">
				<div class="elementor-element elementor-element-f88f544 elementor-widget elementor-widget-image" data-id="f88f544" data-element_type="widget" data-e-type="widget" data-widget_type="image.default">
				<div class="elementor-widget-container">
															<img decoding="async" width="2560" height="1367" src="https://imariquique.cl/inicio/wp-content/uploads/2024/05/10-scaled.jpg" class="attachment-full size-full wp-image-2060" alt="" srcset="https://imariquique.cl/inicio/wp-content/uploads/2024/05/10-scaled.jpg 2560w, https://imariquique.cl/inicio/wp-content/uploads/2024/05/10-300x160.jpg 300w, https://imariquique.cl/inicio/wp-content/uploads/2024/05/10-1024x547.jpg 1024w, https://imariquique.cl/inicio/wp-content/uploads/2024/05/10-768x410.jpg 768w, https://imariquique.cl/inicio/wp-content/uploads/2024/05/10-1536x820.jpg 1536w, https://imariquique.cl/inicio/wp-content/uploads/2024/05/10-2048x1094.jpg 2048w" sizes="(max-width: 2560px) 100vw, 2560px" />															</div>
				</div>
					</div>
				</div>
		<div class="elementor-element elementor-element-a8deebf e-flex e-con-boxed e-con e-parent" data-id="a8deebf" data-element_type="container" data-e-type="container">
					<div class="e-con-inner">
		<div class="elementor-element elementor-element-d4c2223 e-con-full e-flex e-con e-child" data-id="d4c2223" data-element_type="container" data-e-type="container">
				<div class="elementor-element elementor-element-ee06066 elementor-widget elementor-widget-image" data-id="ee06066" data-element_type="widget" data-e-type="widget" data-widget_type="image.default">
				<div class="elementor-widget-container">
															<img decoding="async" width="800" height="818" src="https://imariquique.cl/inicio/wp-content/uploads/2024/05/9-1001x1024.jpg" class="attachment-large size-large wp-image-2068" alt="" srcset="https://imariquique.cl/inicio/wp-content/uploads/2024/05/9-1001x1024.jpg 1001w, https://imariquique.cl/inicio/wp-content/uploads/2024/05/9-293x300.jpg 293w, https://imariquique.cl/inicio/wp-content/uploads/2024/05/9-768x785.jpg 768w, https://imariquique.cl/inicio/wp-content/uploads/2024/05/9-1502x1536.jpg 1502w, https://imariquique.cl/inicio/wp-content/uploads/2024/05/9-2002x2048.jpg 2002w" sizes="(max-width: 800px) 100vw, 800px" />															</div>
				</div>
				</div>
		<div class="elementor-element elementor-element-213e9ab e-con-full e-flex e-con e-child" data-id="213e9ab" data-element_type="container" data-e-type="container">
				<div class="elementor-element elementor-element-fe18114 elementor-widget elementor-widget-text-editor" data-id="fe18114" data-element_type="widget" data-e-type="widget" data-widget_type="text-editor.default">
				<div class="elementor-widget-container">
									<p style="text-align: justify;">Para nuestros alumnos fue una experiencia invaluable ya que como futuros profesionales de las operaciones portuarias pudieron ver de primera mano cómo se coordinan las operaciones de carga y descarga de contenedores, así como comprender la importancia de la logística eficiente en el comercio internacional.</p>
<p style="text-align: justify;">La iniciativa, que busca fomentar el aprendizaje práctico y el contacto directo con el entorno laboral, recibió elogios tanto de los alumnos como de las autoridades educativas locales. Se espera que experiencias como esta no solo enriquezcan la formación académica de los estudiantes, sino que también contribuyan al desarrollo de una nueva generación de profesionales altamente capacitados en el campo de las operaciones portuarias.</p><p style="text-align: justify;">Para ver más imágenes de esta visita revisa nuestras redes sociales, Facebook e Instagram @imariquique.</p>								</div>
				</div>
				</div>
					</div>
				</div>
				</div>

<p>ALUMNOS DE OPERACIONES PORTUARIAS VISITAN EL PUERTO DE IQUIQUE. En una experiencia educativa sin precedentes, los estudiantes de la carrera de Operaciones Portuarias tuvieron la oportunidad de sumergirse en el corazón del comercio marítimo al visitar el Terminal Internacional de Iquique (ITI). Acompañados por sus profesores, los alumnos recibieron una detallada exposición sobre las complejas [&hellip;]</p>
